*3 - 2*i**2 + 1. What is w(p)?
-4
Let j(t) = -t**3 + 4*t**2 + 6*t + 4. Let n be (30/9)/(14/21). Give j(n).
9
Let l(y) = 2 - y - 2 + 2. Let q = 5 - 8. Give l(q).
5
Let r = -12 - -17. Suppose 18 = f + r*x, -x + 6*x = 15. Let t(g) = 2*g - 1. Determine t(f).
5
Let n(c) = -6*c - 1. Let o be -18 + 17 - (0 + 2 + -5). Give n(o).
-13
Let m(n) = -4*n + 3. Let i = -5 + 8. Let a(q) = -q + 1. Let v(s) = i*a(s) - m(s). What is v(2)?
2
Suppose 5*r = -0 - 15. Let z(q) = 3*q - 3. Let x(w) = -2*w + 3. Let b(k) = 5*x(k) + 4*z(k). What is b(r)?
-3
Let y(s) = 3*s**2 + 5*s + 2. Let p be y(-2). Let a(r) be the third derivative of 0*r - 7/24*r**p - 1/60*r**5 - 3*r**2 + 0 - 1/2*r**3. Give a(-5).
7
Let s(i) be the third derivative of i**7/2520 - i**6/720 - i**5/20 + 3*i**2. Let g(w) be the third derivative of s(w). Let x = 8 - 5. Give g(x).
5
Let p(h) = -3*h**2 + 1. Suppose 0 = -r + 3*i - 12 + 1, -4*r = 3*i - 1. Let q = 3 + r. What is p(q)?
-2
Let t(s) be the first derivative of -7/120*s**5 - 4 + 0*s + 4/3*s**3 + 1/360*s**6 + 7/24*s**4 + 0*s**2. Let c(m) be the third derivative of t(m). What is c(5)?
-3
Let j(f) = f**3 - 3*f**2 - 2*f - 5. Let p be (-118)/(-8) + (-6)/(-24). Let y be (-3)/(-1) - p/5. Suppose y = -2*z + z + 4. Determine j(z).
3
Let g(r) = -20*r + 1. Let b(j) = -7*j. Let l(p) = 17*b(p) - 6*g(p). Let y(w) = 4*w - 20. Let d be y(5). Determine l(d).
-6
Let w = 3 + -3. Suppose 0 = 3*l - w + 9. Let n(p) be the second derivative of -p**4/6 - p**3/2 + 3*p**2/2 - p. Determine n(l).
-6
Let c be (1 - 1) + (5 - 3). Let z(b) = b**2 - 2*b**c - 2*b**2 + 4*b**2 - b. Determine z(2).
2
Suppose 0*t = -3*t - 27. Let o = -14 - t. Let p(q) = q - 1. Determine p(o).
-6
Suppose 3*j - 3*n - 21 = -n, 32 = 4*j - 4*n. Let m(z) = -j + 12 + 0*z + z. Determine m(-6).
1
Let d(x) = -2*x - 3. Let y(a) = -2*a - 2. Suppose -2*m + 3*g - 5 + 2 = 0, -12 = m - 5*g. Let h(b) = m*y(b) - 4*d(b). Give h(-4).
-2
Let c(x) be the third derivative of 1/24*x**4 - x**3 + 0 + 0*x - 5*x**2. Suppose -5*b + 10 = -3*h - 0*b, -5*b + 40 = 3*h. Determine c(h).
-1
Suppose 3*n = 5*s - 3*s + 8, -4*n + 12 = -2*s. Let w(d) = -8*d - 4*d**s + 2*d**3 + 2*d**2 + 7*d. Calculate w(2).
6
Let b(q) be the second derivative of 2*q + 0 + 0*q**2 + 1/2*q**3 - 1/3*q**4. Suppose -6*x + 6 = -3*x. What is b(x)?
-10
Let f be 2 - (-1 - -2)/(-1). Suppose -f*o = -o - 6. Let z(l) = 0*l**2 + 3*l + 2*l - 3 + 0*l**2 - l**2. Determine z(o).
3
Suppose 5*i + 5 - 10 = 0. Suppose -4*f + i = -15. Let l(a) = 11*a - 9. Let r(o) = 5*o - 4. Let b(y) = f*l(y) - 9*r(y). Give b(6).
-6
Let m = -100 - -96. Let f(h) = h**2 + 7*h. What is f(m)?
-12
Let k(i) = -i**2 - 8*i + 2. Let g be k(-8). Let a(o) = -5 + 4 - 4*o**3 + 4*o**2 - 3*o + 3*o**3 + o**g. Calculate a(3).
8
Let j(a) be the first derivative of a**2/2 - 14*a - 34. What is j(10)?
-4
Suppose 0 = -2*w - 22 + 10. Let r(f) = -4*f. Let l(t) = 5*t. Let j(i) = w*r(i) - 5*l(i). Let v = 4 + 1. Calculate j(v).
-5
Suppose -2*s = -4 + 10. Let k(h) be the second derivative of -h**5/30 - h**4/12 + 2*h**3/3 + h**2 + 2*h. Let i(a) be the first derivative of k(a). Give i(s).
-8
Let a be 0/(-1 - (0 + -2)). Let w(k) = -3 + a - k + 10. Let r be -1 + 6 - (-6 - -5). Calculate w(r).
1
Let o(x) = -4*x**2 + 2*x - 2. Let g be o(1). Let j(b) = -b**2 - 4*b + 1. What is j(g)?
1
Let v(i) = -i**2 - 8*i - 5. Let r = 58 + -63. Give v(r).
10
Let a(o) = -3*o + 1. Let r(v) = 5*v - 2. Let g(j) = -11*a(j) - 6*r(j). Let i = 12 - 11. What is g(i)?
4
Let j(p) = 3*p**3 + 8*p**2 + 5*p + 3. Let w(l) = 2*l**3 + 4*l**2 + 2*l + 1. Let d(x) = 3*j(x) - 5*w(x). Suppose 0 = -15*f + 34 + 41. Determine d(f).
4
Let t be (-3)/6*2 - -7. Let o = 4 - t. Let h(b) be the second derivative of -b**4/6 - b**3/3 - b**2/2 + 8*b. Calculate h(o).
-5
Let t be (5 - 0) + -6 - -6. Let a(z) be the second derivative of z**3/6 - z**2 - z. Determine a(t).
3
Let n(t) be the second derivative of t**5/20 + t**4/2 + t**3/2 - 3*t**2/2 - 5*t. Let d = -6 + 1. Give n(d).
7
Let t = -106 + 108. Let d(m) be the third derivative of 2*m**t - 1/2*m**3 + 0*m + 0 - 1/12*m**4. What is d(-3)?
3
Let m(a) be the first derivative of -a**3/3 - a**2/2 + a - 6. Let w(q) = -q**2 - 6*q. Let o(f) = 3*m(f) - w(f). Give o(3).
-6
Suppose -3*a + 33 = 2*w, 5*w = -0*a - 2*a + 11. Suppose -3*u - 3*y + a = -u, -3*u + 10 = -5*y. Let n(l) = l**2 - 4*l - 7. Give n(u).
-2
Let g(u) = u - 1. Suppose 20*s = 7*s + 39. Calculate g(s).
2
Let f(p) = p**3 + 4*p**2 - 5*p + 3. Suppose 0 = 3*v + 12, n - 2*v - 7 - 35 = 0. Let h be (-3)/4 - n/8. What is f(h)?
3
Suppose -2*i + 2*h - 4 = -0*i, -4*i - 26 = 5*h. Let r(w) = -6*w - 5. Give r(i).
19
Let y(z) be the second derivative of 1/6*z**3 - 3*z + 1/2*z**2 + 0*z**4 + 0 + 1/4*z**5. Give y(-1).
-5
Let q(b) = -b + 5. Suppose -6 = 2*g - 66. Suppose 4*z - 2*j - g = 0, 0*j = -z - j. Determine q(z).
0
Let z(c) = c**2 - 5*c - 5. Let k be z(7). Let j(m) = -m**2 + 10*m - 6. Calculate j(k).
3
Suppose -2*w + 5*c + 8 = -0*c, w + 4*c - 4 = 0. Let b(k) be the third derivative of 0*k - 2/3*k**3 + 1/24*k**w + 0 - 2*k**2. Calculate b(5).
1
Let s be (-6)/4*2*10/6. Let y(b) = -b**3 - 4*b**2 + 2*b - 6. Determine y(s).
9
Let m(b) = b**2 + 6*b + 9. Suppose -27*t + 25*t = 12. Determine m(t).
9
Let s(w) = 2*w**2 - 3*w. Let b be s(2). Suppose 0 = 5*h - f + 25, -b*f - f - 27 = 2*h. Let x(z) = z**2 + 5*z. Calculate x(h).
6
Let p(q) = q**3 + 3*q**2 - 5*q - 3. Let o be -2 - ((-3 - 1) + 6). What is p(o)?
1
Let x(f) = 9*f**3 + 5*f**2 - 15*f + 6. Let y(b) = -5*b**3 - 3*b**2 + 8*b - 3. Let i(a) = 6*x(a) + 11*y(a). What is i(-3)?
9
Let p(u) be the third derivative of -u**5/20 - u**4/12 + u**3/6 + u**2. Suppose 5 = 5*c - 5. Suppose -3*q = -3*g - 3, -4*q = -2*g + c - 0. What is p(q)?
-7
Let u = -3 - -2. Let o = -2 - 4. Let g = o - u. Let h(t) = t + 7. What is h(g)?
2
Let j = -2 - 0. Let r be (-4 + j)*2/4. Let m(x) be the first derivative of -x**3/3 - 5*x**2/2 - 4*x + 1. Determine m(r).
2
Let x = -10 - -7. Let b(v) be the third derivative of -v**5/60 - v**4/24 + v**3/3 - 2*v**2 - 38*v. Determine b(x).
-4
Let t(d) be the first derivative of d**2/2 - 5*d + 2. Suppose -2*a + 31 = 5*z + 6, -4*z + 32 = 4*a. Determine t(a).
0
Suppose -51*p + 7 = -50*p. Let j(l) = 3*l - 10. Calculate j(p).
11
Let y(w) = 1 + w**3 - 52*w - 3 + 48*w. Determine y(-3).
-17
Let v(t) = 6*t**3 + 1. Suppose 5*k + 6 = 1. Let g be 2 - (2 - k)/1. What is v(g)?
-5
Let v(f) be the third derivative of f**5/60 + f**4/12 + f**3/2 + f**2. Let a = -2 - -2. Suppose a = 2*q + 2*q + 8. What is v(q)?
3
Let z(j) = j - 2. Let l(k) = k**3 + 7*k**2 + 5*k - 2. Let g be l(-6). Let c be 2/((g/(-14))/(-1)). Let w be z(c). Let t(b) = b**2 - 6*b. Calculate t(w).
-5
Let q = -2 - -5. Suppose 3 - 7 = -b. Let c(t) = -b*t - t**q + 2*t + 3*t**2 + 0 + 4. What is c(3)?
-2
Let x(m) = -m**3 + 8*m**2 + 2*m - 3. Suppose 8 = 2*i, -2*i = -6*f + 4*f + 8. Determine x(f).
13
Let f(c) = -3*c - 4. Let q(k) = k + 1. Let h(r) = -3*f(r) - 12*q(r). Give h(2).
-6
Let t(o) = -5*o + 1 + 6*o + 9*o**2 - 10*o**2. Determine t(2).
-1
Suppose 0 = -3*v + 2*d + 19, -3*v = -7*v + 2*d + 22. Let u(w) = 5 - 1 + 4*w - w**2 - w**3 - v - 3*w. Give u(0).
1
Suppose 16 = 5*p - p. Let h(u) = -u**3 - 10 + 4*u + 1 + 2 - p*u**2. Let s be h(-5). Let b(y) = -y**2 + 2*y + 3. Determine b(s).
-5
Let f(c) = 3*c**3 - c**2 - 2*c**3 - c**2. Calculate f(3).
9
Let t be -4*1 - (-4 + 2). Suppose 2*k + 5*i + 7 = 33, -5*k = 5*i - 35. Let r(c) = -2*c**3 + 6*c**3 + 2*c - k*c**3 + 4*c**2 + 2. What is r(t)?
6
Let c(g) = 2*g - 3. Let i = -15 + 18. Give c(i).
3
Let s(w) = -4*w**3 - 4*w**2 - 2*w + 7. Let o(m) = m**3 - 2. Let f(q) = 5*o(q) + s(q). What is f(5)?
12
Let j(g) = -4*g**3 + g + 5. Let f(m) = -1. Let c(h) = 5*f(h) + j(h). Let w = 27 - 23. Suppose 0*q + 3*u = q + 7, 9 = -q + w*u. Determine c(q).
3
Let p(o) be the third derivative of o**4/24 + o**3/3 + 2*o**2. Suppose -4*w + t + 12 = -1, 2*t - 6 = 0. Calculate p(w).
6
Let a = 0 + -3. Let b be (-4)/6 - (-42)/9. Let t(x) = b*x + x**2 + 0*x**3 + x**3 - 8*x. What is t(a)?
-6
Let z(h) = -h + 1. Let j(d) = 3*d - 4. Let y(i) = -j(i) - 4*z(i). Suppose 49 = 3*c - 26. Suppose 2*x - 4*a = 20, x - 5*a - c = 3*x. Calculate y(x).
0
Let x be 10/45 + (-56)/9. Let q be 3 + (-4)/x*-3. Let n(p) be the first derivative of 2*p**3/3 + p**2/2 - p - 2. Calculate n(q).
2
Let a(k) = -k**3 - k + 4 - k - 5